 26 a factor of 515463?
False
Is 382965 a multiple of 15?
True
Is 10813424 a multiple of 341?
False
Does 67 divide 8740686?
True
Is 235 a factor of 5641711?
False
Is 531010 a multiple of 10?
True
Is 1707472 a multiple of 104?
True
Is 103 a factor of 2753396?
True
Is 1185 a factor of 19494435?
True
Is 355 a factor of 254890?
True
Is 7 a factor of 223825?
True
Is 12 a factor of 91260?
True
Does 16 divide 300215?
False
Is 647739 a multiple of 21?
False
Is 3 a factor of 869?
False
Is 33432 a multiple of 56?
True
Does 42 divide 6314194?
False
Is 10 a factor of 67658?
False
Does 152 divide 40432?
True
Does 675 divide 1984500?
True
Is 3140352 a multiple of 384?
True
Does 30 divide 351379?
False
Does 487 divide 304862?
True
Does 111 divide 104291?
False
Does 37 divide 27147973?
True
Is 1366196 a multiple of 559?
True
Is 403 a factor of 10384101?
True
Is 192219 a multiple of 17?
True
Does 110 divide 11930050?
True
Is 66 a factor of 5491457?
False
Is 937406 a multiple of 100?
False
Is 2 a factor of 1674?
True
Does 193 divide 196667?
True
Does 16 divide 26110?
False
Is 43 a factor of 18576?
True
Is 1681080 a multiple of 578?
False
Is 616106 a multiple of 170?
False
Is 360 a factor of 825840?
True
Does 52 divide 192127?
False
Is 49 a factor of 5266?
False
Does 60 divide 464340?
True
Is 4 a factor of 5032840?
True
Is 267913 a multiple of 11?
False
Is 11 a factor of 228206?
True
Is 115 a factor of 2078839?
False
Does 35 divide 4162518?
False
Is 140301 a multiple of 63?
True
Is 163592 a multiple of 13?
True
Is 8739 a multiple of 9?
True
Does 56 divide 138624?
False
Is 558792 a multiple of 39?
True
Is 77 a factor of 60307?
False
Is 26 a factor of 261804?
False
Is 25 a factor of 30104450?
True
Does 2 divide 27018?
True
Is 9 a factor of 457490?
False
Is 21 a factor of 42387?
False
Does 187 divide 11019162?
True
Does 145 divide 116000?
True
Is 961 a factor of 1586611?
True
Does 40 divide 1674886?
False
Is 224 a factor of 110880?
True
Is 8 a factor of 104880?
True
Is 17 a factor of 31535?
True
Is 669 a factor of 88442?
False
Does 12 divide 85516?
False
Is 13 a factor of 48919?
True
Is 2331906 a multiple of 6?
True
Does 702 divide 44009?
False
Is 424 a factor of 5936?
True
Does 41 divide 61994?
False
Is 85 a factor of 448951?
False
Does 819 divide 4534803?
True
Is 5214394 a multiple of 43?
False
Is 3846171 a multiple of 990?
False
Does 39 divide 160052?
False
Is 923963 a multiple of 70?
False
Does 38 divide 2176412?
True
Is 143235 a multiple of 329?
False
Is 36 a factor of 93492?
True
Is 146644 a multiple of 19?
False
Does 32 divide 58976?
True
Does 11 divide 6178800?
False
Is 173622 a multiple of 114?
True
Does 406 divide 413138?
False
Does 8 divide 9092050?
False
Does 80 divide 2037200?
True
Does 31 divide 280662?
False
Does 111 divide 27469281?
True
Is 9 a factor of 1246793?
False
Is 758359 a multiple of 287?
False
Is 12 a factor of 12900?
True
Is 116034 a multiple of 116?
False
Is 192882 a multiple of 49?
False
Is 3401246 a multiple of 171?
False
Does 339 divide 743088?
True
Does 505 divide 439855?
True
Does 211 divide 6004578?
False
Is 1437665 a multiple of 1148?
False
Does 266 divide 395897?
False
Is 314 a factor of 162966?
True
Does 344 divide 615964?
False
Does 9 divide 10689098?
False
Does 754 divide 375492?
True
Is 15 a factor of 1940985?
True
Is 332 a multiple of 2?
True
Is 481227 a multiple of 47?
False
Is 81 a factor of 179019?
False
Is 1356 a factor of 10660372?
False
Does 15 divide 4988037?
False
Does 209 divide 45964?
False
Does 560 divide 3443340?
False
Does 7 divide 5553033?
False
Is 6532 a multiple of 14?
False
Is 224 a factor of 3713379?
False
Is 10960707 a multiple of 142?
False
Does 3 divide 11201?
False
Is 6473336 a multiple of 166?
True
Does 33 divide 3294573?
False
Does 5 divide 243805?
True
Does 96 divide 4754592?
True
Does 36 divide 643353?
False
Is 102919 a multiple of 20?
False
Does 6 divide 297714?
True
Is 302564 a multiple of 491?
False
Does 23 divide 3302021?
False
Does 8 divide 264068?
False
Does 143 divide 14948282?
False
Is 59 a factor of 1985232?
True
Is 215 a factor of 1693088?
False
Is 2 a factor of 45415?
False
Is 3153045 a multiple of 42?
False
Is 660 a factor of 3676109?
False
Does 15 divide 1975755?
True
Is 338734 a multiple of 178?
True
Is 127 a factor of 280035?
True
Is 248670 a multiple of 10?
True
Does 29 divide 4074597?
False
Is 31 a factor of 396583?
True
Is 7 a factor of 3542455?
True
Is 21 a factor of 270208?
False
Is 88 a factor of 393448?
True
Is 534526 a multiple of 134?
True
Does 1557 divide 4604049?
True
Is 23534 a multiple of 4?
False
Is 105 a factor of 1053570?
True
Does 21 divide 325869?
False
Is 39 a factor of 315888?
False
Is 38832 a multiple of 10?
False
Is 1527572 a multiple of 1042?
True
Is 9 a factor of 1874492?
False
Is 69 a factor of 3693527?
False
Is 115723 a multiple of 31?
True
Does 27 divide 1054431?
True
Does 796 divide 585633?
False
Is 57 a factor of 497040?
True
Is 11788 a multiple of 4?
True
Does 3 divide 58264?
False
Is 4407339 a multiple of 83?
False
Is 3067225 a multiple of 17?
True
Is 101486 a multiple of 14?
True
Does 43 divide 190232?
True
Is 318 a factor of 20302?
False
Is 7884335 a multiple of 19?
True
Is 12 a factor of 933549?
False
Does 865 divide 2402219?
False
Is 1523753 a multiple of 257?
True
Is 5913162 a multiple of 588?
False
Is 481 a factor of 177099?
False
Does 760 divide 3562743?
False
Is 483 a factor of 761208?
True
Is 13 a factor of 101260?
False
Is 232696 a multiple of 34?
True
Is 333 a factor of 226107?
True
Does 7 divide 5777569?
True
Is 240539 a multiple of 10?
False
Is 16 a factor of 2940640?
True
Is 2 a factor of 9742?
True
Is 2105670 a multiple of 370?
True
Is 25303140 a multiple of 807?
False
Is 31 a factor of 434?
True
Does 6 divide 103939?
False
Does 841 divide 6735569?
True
Is 44 a factor of 3811?
False
Is 8 a factor of 460224?
True
Is 11178189 a multiple of 1647?
True
Does 209 divide 206910?
True
Is 194384 a multiple of 82?
False
Does 13 divide 378211?
False
Is 7077239 a multiple of 500?
False
Does 11 divide 1394602?
True
Is 4326542 a multiple of 36?
False
Is 124068 a multiple of 147?
True
Does 5 divide 52194?
False
Is 15 a factor of 1654980?
True
Is 364 a factor of 3499132?
True
Is 10 a factor of 51970?
True
Is 27 a factor of 2071985?
False
Is 396431 a multiple of 29?
False
Is 16 a factor of 1451152?
True
Is 8 a factor of 14558465?
False
Is 57978 a multiple of 3?
True
Is 505 a factor of 2191533?
False
Is 9648736 a multiple of 32?
True
Is 4287782 a multiple of 37?
True
Does 20 divide 1105270?
False
Is 106 a factor of 12884194?
True
Does 1256 divide 270840?
False
Is 40 a factor of 421941?
False
Is 89 a factor of 566663?
True
Is 11689876 a multiple of 1516?
True
Does 909 divide 1292598?
True
Does 3 divide 265236?
True
Is 10 a factor of 252742?
False
Is 9044320 a multiple of 161?
False
Is 2944806 a multiple of 15?
False
Is 308955 a multiple of 15?
True
Is 684386 a multiple of 3?
False
Does 8 divide 718423?
False
Is 125 a factor of 2418995?
False
Does 41 divide 86141?
True
Is 134952 a multiple of 12?
True
Does 120 divide 210600?
True
Is 177060 a multiple of 227?
True
Is 611680 a multiple of 3?
False
Is 439235 a multiple of 16?
False
Does 148 divide 3377064?
True
Is 2213016 a multiple of 558?
False
Does 10 divide 3261370?
True
Does 112 divide 628844?
False
Is 83739 a multiple of 271?
True
Is 1207800 a multiple of 1098?
True
Is 6755 a multiple of 11?
False
Is 86 a factor of 233963?
False
Is 25 a factor of 1428800?
True
Does 3 divide 57936?
True
Does 239 divide 163715?
True
Is 12 a factor of 285628?
False
Does 41 divide 709177?
True
Is 32 a factor of 222272?
True
Does 765 divide 2194781?
False
Is 43 a factor of 488221?
False
Is 6364904 a multiple of 13?
True
Is 19 a factor of 579576?
True
Is 25544 a multiple of 31?
True
Is 137102 a multiple of 14?
True
Is 6 a factor of 10254?
True
Is 321916 a multiple of 9?
False
Is 1078 a factor of 15946854?
True
Is 61877 a multiple of 91?
False
Does 601 divide 2858957?
True
Is 9 a factor of 65655?
True
Is 601 a multiple of 4?
False
Does 33 divide 198000?
True
Is 383 a factor of 1049688?
False
Does 13 divide 3771242?
False
Is 320 a factor of 2097427?
False
Is 72 a factor of 5452028?
False
Does 230 divide 137080?
True
Is 1130 a